n factor of y and n.
15
Let f(l) = -2*l**3 - 17*l**2 + 131*l + 245. Let i be f(-20). What is the greatest common divisor of i and 39?
39
Let o(w) = 12*w**2 + 27*w. Let t = -137 + 132. Let g be o(t). What is the greatest common factor of 30 and g?
15
Suppose 0 = d - 2*y - 134, 4*d + 5*y = -0*y + 497. Let h(k) = k - 1. Let i be h(0). Let a be 17 - (-1 + 3 + i). What is the greatest common factor of a and d?
16
Let p(g) = -g**3 - 22*g**2 + 4*g + 3. Let t be p(-22). Let h = t + 98. Let k(r) = 5*r - 19. Let v be k(9). What is the greatest common factor of v and h?
13
Suppose -1354*d + 1346*d + 101504 = 0. What is the greatest common factor of 624 and d?
208
Let z = -49 - -62. Suppose 7*k - z*k = 0. Let g = 22 - k. Calculate the greatest common factor of 55 and g.
11
Suppose 2*i - 12 = 2*l, -4 = -i + 5*i + 3*l. Suppose -j - 178 = -5*j + i*z, -104 = -2*j - 4*z. Calculate the highest common factor of j and 299.
23
Let n be (931 - (-15)/(-5)) + 2 + -10 + 0. Calculate the greatest common divisor of 2208 and n.
184
Let d(s) = -s**3 + 72*s**2 + 2*s - 102. Let m be d(72). What is the highest common divisor of m and 4326?
42
Let c(t) = 32*t**2 - 22*t + 1. Let p(x) = 3*x. Let u(w) = c(w) + 6*p(w). Let j be u(-4). What is the greatest common factor of j and 23?
23
Let s be (-53 - -54) + 6 + 81. What is the greatest common divisor of 319 and s?
11
Let w(u) = -u**2 + 8*u + 527. Let g be w(27). Calculate the greatest common factor of g and 2.
2
Let l be 1/(8 - 6)*172. Suppose 214 + l = 12*h. Calculate the greatest common divisor of h and 5.
5
Let t = 101 - 100. Let x(j) = -28*j**3 + 3*j**2 - j - 1. Let a be x(t). Let l be 0 - 223/(-5) - a/(-45). What is the greatest common divisor of l and 4?
4
Suppose 2*n + 26 = 4*i, -5*i + 37 = -4*n - 0*i. Let m(p) = -43*p - 12. Let t be m(n). Let f = -91 - -130. Calculate the greatest common factor of t and f.
39
Let g be (57 - 60)/(12/(-968)). Let l(b) = b**3 - 5*b**2 - 3*b + 4. Let a be l(6). What is the highest common divisor of a and g?
22
Let k = 1310 - 787. Let c = -236 + k. Let r = c + -172. What is the greatest common divisor of r and 23?
23
Let m(f) = 145*f**3 + 75*f**2 + 8*f - 9. Let o be m(4). Calculate the highest common divisor of o and 27.
27
Let x(i) = -13*i. Let s be x(1). Let z(t) = -t**2 - 13*t + 9. Let g be z(s). Let y = -4 + 7. What is the greatest common factor of g and y?
3
Let n(i) = 12*i**2 - 12*i + 32. Let m be n(8). Suppose -p - m = -9*p. Let s = -44 + p. Calculate the highest common factor of 66 and s.
22
Let t be 984845/183*(-3 + (-36)/(-6)). Calculate the highest common factor of 5 and t.
5
Let i be 277 - 10/(-14)*(-10 + 3). What is the highest common factor of 1054 and i?
34
Let g be (31 - (-3060)/70) + (-4)/(-14). What is the highest common factor of g and 725?
25
Let x = 16400 + -11331. What is the greatest common divisor of 74 and x?
37
Let i(u) = u**3 - 11*u**2 - 256*u - 26. Let m be i(-11). Calculate the highest common factor of m and 14464.
128
Let w(v) = -4*v**3 + 29 + 7*v - 27 + 2*v**3 + 8*v**2 + 3*v**3. Let r be w(-7). Suppose 4*i - 48 = r*i. Calculate the highest common divisor of i and 4.
4
Suppose 0*h = -35*h + 1715. Suppose -h*v = -48*v - 182. What is the greatest common factor of 56 and v?
14
Suppose 2*t = -t + 162. Let w be (-12)/t + 0 - 472/(-18). Suppose -83*g = -84*g + w. Calculate the greatest common factor of g and 2.
2
Suppose -11*c + 1450 = -7*c + 25*c. Calculate the highest common divisor of c and 6.
2
Let l be (8/(-3))/((-1)/30). Suppose 3*d - 153 = -3*t, -4*d + 5*t + 177 = -0*d. Calculate the highest common divisor of d and l.
16
Suppose -16*y + 1506 = -5550. What is the highest common divisor of 36 and y?
9
Suppose -23*l + 19*l - 11150 = -5*w, -5 = l. Calculate the greatest common divisor of 126 and w.
42
Suppose 0 = 3*q - 5*r - 414, 20*r - 610 = -5*q + 15*r. What is the greatest common divisor of 7008 and q?
32
Suppose -f - 3*o = -461, 3*o = 5*f - 2366 + 43. Suppose 14*w = -30 + f. Calculate the greatest common divisor of 248 and w.
31
Suppose -g = 5*i - 15, -3 = -3*g - 3*i + 6. Suppose 11*v - 9*v - 96 = g. Suppose v = 3*p + 33. Calculate the greatest common factor of 1 and p.
1
Let t(k) be the first derivative of -1/2*k**2 + 5*k - 3 + k**3. Let o be t(2). What is the highest common factor of 6 and o?
3
Let i be ((-65)/2*(-38 - -36))/1. Suppose t - d = i, 2*t = 4*d - 5*d + 133. Calculate the highest common factor of t and 154.
22
Let a(m) = -2*m**3 - 48*m**2 - 38*m + 292. Let x be a(-23). What is the greatest common divisor of 180 and x?
36
Let p(m) = 4*m**3 - 13*m**2 + 37*m - 15. Let z be p(5). Let t(f) = -2*f**2 + 18*f + 15. Let u be t(9). Calculate the highest common factor of u and z.
15
Suppose 12*f + 3*f + 7828 = 70633. Calculate the greatest common divisor of f and 265.
53
Suppose -461*h - 3*p = -466*h + 152, -3*p + 127 = 4*h. Let l(t) = 496*t**3 - t**2 + t. Let n be l(1). What is the highest common divisor of h and n?
31
Let t(q) = 8*q + 722. Let a be t(-86). What is the greatest common divisor of a and 4454?
34
Suppose 4*o + 10*o - 140 = 0. Suppose 12*h - o*h - 192 = 0. Suppose -6*a + h = -12. Calculate the highest common factor of a and 90.
18
Let h be (-19)/(-5) + 39/195. Suppose -h*t - z = -69, 0 = -z - 6 + 7. Calculate the greatest common divisor of 3 and t.
1
Suppose -6757 = -24*l - 20190 + 109049. Calculate the greatest common factor of l and 96.
48
Suppose 3*x - 10 = 14. Suppose 138 = -h - 22. Let o be h/(-15)*(-6)/(-4). Calculate the highest common divisor of x and o.
8
Let p(u) = -u**2 + 16*u + 28. Suppose -24*a = -29*a + 90. Suppose -a = -7*i + 5*i. Let d be p(i). Calculate the highest common divisor of 13 and d.
13
Suppose 0 = -17*m + 801 + 185. What is the greatest common factor of m and 27086?
58
Let i(o) = 0*o - o - 3*o - 11. Let n be i(-4). Suppose p - 6 = -n*g - 3*p, 4*g - 11 = 3*p. What is the highest common divisor of 10 and g?
2
Let i = 8 + 42. Let a = i - -16. Let b be 11*(-14 - 55/(-5))/(-3 + 2). What is the greatest common divisor of a and b?
33
Suppose 0 = 5*b + 4*a - 1450, 2*a = -3*b + 95 + 777. What is the highest common divisor of b and 63?
21
Suppose 5*q + v - 24 = 3*q, 0 = q + v - 12. Let l = 36 - 21. What is the greatest common factor of q and l?
3
Let q = -30732 - -98855. What is the highest common factor of 121 and q?
121
Suppose -x - 38*g + 35*g + 430 = 0, 4*g - 872 = -2*x. What is the greatest common divisor of x and 70?
14
Suppose 12*g = 13*g - 41. Let x = g + -37. Suppose h + 4 = 0, 2*b - 43 = x*h - 1. What is the highest common factor of b and 91?
13
Let z(b) = b**3 - 26*b**2 - 23*b + 89. Let o be z(27). What is the highest common factor of 44719 and o?
197
Suppose 11*p - 174 = 8846. Suppose -5*s + j + p = 0, 6*j + 480 = 3*s + 3*j. Calculate the greatest common divisor of s and 45.
15
Let b(h) = 8*h**2 - 694*h - 2094. Let i be b(-3). Calculate the greatest common divisor of i and 1125.
15
Let k(x) = -20*x + 70. Let l be k(3). Let m be l + (-6)/1 + 5. Calculate the highest common divisor of 6 and m.
3
Let n = -22 + 54. Let d = 81 - 61. Suppose 5*q - d = -0*q. Calculate the greatest common divisor of q and n.
4
Let n(c) = 7*c**2 - 9*c - 12. Let f be n(-5). Let t(h) = -2*h - 1. Let o = -141 + 134. Let q be t(o). Calculate the greatest common factor of f and q.
13
Let t be 390/25 - (15/(-10))/((-10)/4). Calculate the greatest common factor of t and 95.
5
Suppose 4*w + 421 - 1373 = 0. Calculate the greatest common divisor of w and 374.
34
Suppose -6930 - 25710 = -3*t. Let o be (2/5)/(17/t). Let l be (-2 - -50)*2/3. Calculate the highest common factor of l and o.
32
Suppose 30 = 14*l - 11*l. Let c(n) = n**3 - 10*n**2 + 23*n + 20. Let v be c(5). What is the greatest common factor of v and l?
10
Suppose 0*o = -7*o + 385. Let d = o + -53. Suppose 2*l = 3*f - 193 + 65, -f + 32 = d*l. What is the highest common divisor of f and 8?
8
Let l be -6*4/(-36) + (-91)/(-21). Suppose 0 = -l*h - 3*k + 1698, 49*h - k + 1022 = 52*h. Calculate the greatest common factor of h and 36.
18
Let u(y) = -4*y**3 + 3*y**2 + 6. Let q be u(-3). Let p = q + -45. Calculate the highest common factor of 336 and p.
48
Suppose -236 = y - 233. Let f be (0/(-3) - 4)/(y/12). What is the greatest common divisor of f and 8?
8
Suppose 0*g - 2*g = 5*x - 1064, 3*x - 16